s the millions digit of 59984552?
9
What is the millions digit of 927751423?
7
What is the millions digit of 291452494?
1
What is the hundred millions digit of 171325886?
1
What is the ten thousands digit of 1819224733?
2
What is the hundreds digit of 278161745?
7
What is the ten millions digit of 799932567?
9
What is the millions digit of 250075077?
0
What is the hundred millions digit of 245592415?
2
What is the millions digit of 38106099?
8
What is the thousands digit of 814910536?
0
What is the units digit of 21536825?
5
What is the ten millions digit of 303457741?
0
What is the millions digit of 86778500?
6
What is the tens digit of 25851224?
2
What is the thousands digit of 759618261?
8
What is the hundreds digit of 399908894?
8
What is the tens digit of 308346338?
3
What is the tens digit of 3628711068?
6
What is the ten millions digit of 21575089?
2
What is the hundreds digit of 25288551?
5
What is the hundred thousands digit of 449974766?
9
What is the tens digit of 177934419?
1
What is the tens digit of 89577236?
3
What is the ten millions digit of 2685339961?
8
What is the millions digit of 134136537?
4
What is the ten thousands digit of 4272128?
7
What is the hundred thousands digit of 116512771?
5
What is the thousands digit of 1947860529?
0
What is the units digit of 76043703?
3
What is the units digit of 32109898?
8
What is the units digit of 21649318?
8
What is the ten thousands digit of 23646444?
4
What is the thousands digit of 3547509199?
9
What is the hundreds digit of 240364352?
3
What is the hundreds digit of 383186286?
2
What is the hundred thousands digit of 221224880?
2
What is the hundred thousands digit of 6882968240?
9
What is the tens digit of 37046827?
2
What is the ten thousands digit of 828926222?
2
What is the units digit of 509360063?
3
What is the ten thousands digit of 3570618070?
1
What is the units digit of 8441958?
8
What is the hundred thousands digit of 227668394?
6
What is the hundred thousands digit of 1230762866?
7
What is the tens digit of 128466092?
9
What is the tens digit of 4393334?
3
What is the hundred thousands digit of 91372684?
3
What is the hundred millions digit of 374712477?
3
What is the units digit of 2574358526?
6
What is the ten thousands digit of 81146759?
4
What is the ten thousands digit of 7066757?
6
What is the hundreds digit of 332787785?
7
What is the tens digit of 2513396702?
0
What is the hundred millions digit of 419833782?
4
What is the tens digit of 103023576?
7
What is the millions digit of 535645354?
5
What is the ten thousands digit of 3161738?
6
What is the hundred thousands digit of 88492188?
4
What is the ten thousands digit of 66966995?
6
What is the hundred thousands digit of 1097733937?
7
What is the thousands digit of 8873111?
3
What is the hundreds digit of 20644280?
2
What is the hundreds digit of 57252812?
8
What is the thousands digit of 335247722?
7
What is the tens digit of 988036648?
4
What is the hundred millions digit of 644185637?
6
What is the ten millions digit of 5304623932?
0
What is the millions digit of 25905448?
5
What is the tens digit of 22617216?
1
What is the hundreds digit of 1668140989?
9
What is the ten thousands digit of 4012988837?
8
What is the units digit of 1895679045?
5
What is the hundreds digit of 107393803?
8
What is the ten thousands digit of 1390762508?
6
What is the tens digit of 209167707?
0
What is the hundred millions digit of 370428689?
3
What is the hundred millions digit of 117863238?
1
What is the units digit of 85108572?
2
What is the millions digit of 35419699?
5
What is the ten thousands digit of 138696355?
9
What is the hundred millions digit of 134934510?
1
What is the thousands digit of 47711820?
1
What is the ten millions digit of 1611194512?
1
What is the hundreds digit of 287026802?
8
What is the units digit of 27919779?
9
What is the tens digit of 26846555?
5
What is the units digit of 1691420006?
6
What is the tens digit of 643350816?
1
What is the ten millions digit of 292684344?
9
What is the tens digit of 2779224401?
0
What is the hundred thousands digit of 800809928?
8
What is the hundred thousands digit of 160840114?
8
What is the units digit of 257407541?
1
What is the hundreds digit of 5471173?
1
What is the hundred thousands digit of 11950249?
9
What is the tens digit of 376586027?
2
What is the hundred thousands digit of 2450217?
4
What is the ten millions digit of 70500230?
7
What is the hundred thousands digit of 426355800?
3
What is the billions digit of 1119429159?
1
What is the millions digit of 33486841?
3
What is the hundred millions digit of 451780082?
4
What is the ten millions digit of 170852775?
7
What is the hundred millions digit of 3228795221?
2
What is the ten thousands digit of 21882729?
8
What is the hundred thousands digit of 7058243821?
2
What is the hundred thousands digit of 87949496?
9
What is the ten thousands digit of 2737300576?
0
What is the thousands digit of 2848325632?
5
What is the ten millions digit of 65797393?
6
What is the ten thousands digit of 864985754?
8
What is the units digit of 170213925?
5
What is the hundred thousands digit of 22383720?
3
What is the thousands digit of 1243122561?
2
What is the millions digit of 41138971?
1
What is the hundred millions digit of 2509947962?
5
What is the thousands digit of 191901114?
1
What is the units digit of 43836763?
3
What is the units digit of 339848589?
9
What is the thousands digit of 8998369756?
9
What is the ten millions digit of 38078740?
3
What is the ten thousands digit of 53205168?
0
What is the hundreds digit of 27668472?
4
What is the hundreds digit of 1910914642?
6
What is the ten thousands digit of 86900274?
0
What is the ten millions digit of 25751566?
2
What is the hundreds digit of 42059562?
5
What is the hundred thousands digit of 86547734?
5
What is the ten millions digit of 111217595?
1
What is the units digit of 2648622895?
5
What is the tens digit of 40347873?
7
What is the hundreds digit of 1388503166?
1
What is the tens digit of 2996361653?
5
What is the millions digit of 26126686?
6
What is the thousands digit of 319185123?
5
What is the hundreds digit of 39522579?
5
What is the ten thousands digit of 2572486934?
8
What is the thousands digit of 39647556?
7
What is the hundred millions digit of 112428721?
1
What is the hundred thousands digit of 150941097?
9
What is the thousands digit of 61633977?
3
What is the hundred millions digit of 836037630?
8
What is the hundred thousands digit of 1979821591?
8
What is the hundreds digit of 29928448?
4
What is the hundred thousands digit of 425959765?
9
What is the billions digit of 1433211665?
1
What is the millions digit of 40560816?
0
What is the tens digit of 5850256?
5
What is the ten millions digit of 274197174?
7
What is the hundred thousands digit of 1454577024?
5
What is the hundreds digit of 999993318?
3
What is the hundreds digit of 136296453?
4
What is the hundred millions digit of 717975708?
7
What is the hundred millions digit of 726507165?
7
What is the millions digit of 5755803?
5
What is the ten millions digit of 107051553?
0
What is the ten millions digit of 35538861?
3
What is the units digit of 26278917?
7
What is the millions digit of 24465433?
4
What is the tens digit of 20473807?
0
What is the hundred millions digit of 512568528?
5
What is the millions digit of 39495227?
9
What is the millions digit of 731295869?
1
What is the hundreds digit of 33806907?
9
What is the millions digit of 31185037?
1
What is the ten thousands digit of 50674537?
7
What is the millions digit of 1259708315?
9
What is the ten thousands digit of 235328470?
2
What is the tens digit of 1016176974?
7
What is the millions digit of 1170960143?
0
What is the hundreds digit of 29238965?
9
What is the millions digit of 1108488861?
8
What is the millions digit of 179494004?
9
What is the hundred thousands digit of 898627292?
6
What is the hundred millions digit of 205124115?
2
What is the units digit of 3496763255?
5
What is the millions digit of 137415276?
7
What is the millions digit of 2770339204?
0
What is the millions digit of 537451118?
7
What is the billions digit of 3864848137?
3
What is the millions digit of 41486862?
1
What is the thousands digit of 4